rue
Is 10 a factor of 6488447?
False
Does 90 divide 6393072?
False
Is 1116 a multiple of 36?
True
Does 22 divide 142610?
False
Does 77 divide 654423?
True
Does 16 divide 18356?
False
Is 460 a multiple of 46?
True
Does 1030 divide 41200?
True
Is 20 a factor of 8842676?
False
Is 5 a factor of 52949?
False
Is 9 a factor of 785?
False
Is 69 a factor of 83505?
False
Is 1126 a factor of 4250650?
True
Does 21 divide 2761142?
False
Is 40 a factor of 36942?
False
Is 27 a factor of 68391?
True
Does 69 divide 13361306?
False
Is 75798 a multiple of 18?
True
Is 504634 a multiple of 39?
False
Does 16 divide 1156389?
False
Does 19 divide 63593?
True
Does 380 divide 2381000?
False
Is 34 a factor of 75999?
False
Is 78 a factor of 56862?
True
Does 44 divide 4580323?
False
Is 353918 a multiple of 37?
False
Is 34 a factor of 61931?
False
Does 176 divide 95040?
True
Does 70 divide 813050?
True
Does 330 divide 355080?
True
Is 1072792 a multiple of 28?
True
Does 22 divide 542110?
False
Does 11 divide 782540?
True
Does 336 divide 1340304?
True
Is 766 a factor of 1227898?
True
Is 312 a factor of 3286854?
False
Is 6762366 a multiple of 26?
True
Does 173 divide 93285?
False
Is 93 a factor of 14802345?
True
Does 14 divide 312060?
True
Is 17 a factor of 844679?
True
Is 785 a factor of 1704235?
True
Is 155925 a multiple of 297?
True
Does 14 divide 1449812?
True
Is 134871 a multiple of 201?
True
Is 2271423 a multiple of 33?
True
Is 164 a factor of 17915652?
False
Is 24273764 a multiple of 207?
False
Is 15 a factor of 5195774?
False
Is 1127567 a multiple of 553?
True
Does 12 divide 1367017?
False
Is 10 a factor of 5594660?
True
Is 260 a factor of 150870?
False
Does 3 divide 20886?
True
Is 500 a factor of 3084000?
True
Does 14 divide 1381352?
True
Is 25 a factor of 502975?
True
Does 5 divide 3947?
False
Does 102 divide 1083994?
False
Is 682371 a multiple of 127?
True
Is 283861 a multiple of 25?
False
Is 14 a factor of 19489?
False
Is 76 a factor of 2319003?
False
Does 12 divide 6635123?
False
Is 6 a factor of 207502?
False
Is 74697 a multiple of 129?
False
Is 56 a factor of 5581352?
True
Does 45 divide 12252735?
True
Is 193 a factor of 639150?
False
Is 58 a factor of 208123?
False
Does 30 divide 329335?
False
Is 33134 a multiple of 19?
False
Is 180570 a multiple of 65?
True
Does 205 divide 1570595?
False
Is 12 a factor of 4320?
True
Is 13 a factor of 31567?
False
Is 56 a factor of 61323?
False
Does 51 divide 17391?
True
Is 49 a factor of 830305?
True
Is 7811 a multiple of 2?
False
Is 2398599 a multiple of 147?
True
Is 653338 a multiple of 7?
True
Is 38 a factor of 831782?
True
Is 1065 a factor of 9626535?
True
Is 12 a factor of 203076?
True
Is 28970 a multiple of 1383?
False
Does 28 divide 48837?
False
Is 14 a factor of 577724?
True
Is 900914 a multiple of 140?
False
Is 144738 a multiple of 99?
True
Is 6 a factor of 129553?
False
Does 32 divide 3342176?
True
Is 2039670 a multiple of 252?
False
Is 2810256 a multiple of 12?
True
Is 717492 a multiple of 4?
True
Is 16 a factor of 22447968?
True
Is 1417572 a multiple of 14?
False
Is 1802037 a multiple of 7?
False
Is 78 a factor of 4543266?
True
Is 1804512 a multiple of 1003?
False
Is 112 a factor of 2321200?
True
Is 17319 a multiple of 564?
False
Does 47 divide 22936?
True
Does 3 divide 570432?
True
Does 4 divide 170863?
False
Is 38 a factor of 510057?
False
Does 163 divide 2753354?
False
Does 9 divide 269253?
True
Is 195870 a multiple of 10?
True
Does 939 divide 1945567?
False
Does 12 divide 1211678?
False
Does 10 divide 185400?
True
Does 56 divide 3412217?
False
Does 49 divide 451858?
False
Is 72369 a multiple of 11?
True
Is 8794417 a multiple of 269?
True
Is 111349 a multiple of 187?
False
Is 8 a factor of 506196?
False
Is 16 a factor of 272592?
True
Does 185 divide 2379285?
True
Is 44 a factor of 150617?
False
Does 7 divide 44153?
False
Is 11809649 a multiple of 54?
False
Is 235614 a multiple of 321?
True
Does 43 divide 11094430?
True
Is 81 a factor of 384669?
True
Is 498392 a multiple of 10?
False
Does 8 divide 856152?
True
Does 6 divide 136031?
False
Is 334 a factor of 6444864?
True
Is 15 a factor of 5771073?
False
Does 37 divide 6007801?
True
Is 688995 a multiple of 32?
False
Does 239 divide 230874?
True
Is 3743 a multiple of 5?
False
Is 1588803 a multiple of 254?
False
Does 187 divide 345015?
True
Is 420024 a multiple of 264?
True
Is 1404005 a multiple of 4?
False
Is 21 a factor of 196434?
True
Is 5132120 a multiple of 344?
False
Is 19 a factor of 343710?
True
Does 62 divide 4694330?
True
Does 18 divide 52420?
False
Does 5 divide 3184?
False
Is 88 a factor of 1474704?
True
Does 35 divide 224192?
False
Is 17129 a multiple of 7?
True
Does 8 divide 3283530?
False
Is 6672966 a multiple of 47?
True
Does 12 divide 806352?
True
Is 75396 a multiple of 61?
True
Is 144 a factor of 2091168?
True
Is 13 a factor of 232985?
False
Is 94513 a multiple of 13?
False
Is 33663 a multiple of 5?
False
Is 12 a factor of 185976?
True
Does 66 divide 189201?
False
Is 140922 a multiple of 6?
True
Does 6 divide 2903851?
False
Is 32610 a multiple of 79?
False
Is 136 a factor of 319328?
True
Is 37630 a multiple of 10?
True
Is 6 a factor of 43020?
True
Is 8143500 a multiple of 12?
True
Is 98070 a multiple of 16?
False
Is 18912 a multiple of 9?
False
Is 12 a factor of 1583700?
True
Is 2119658 a multiple of 22?
False
Does 20 divide 278360?
True
Does 28 divide 65075?
False
Does 11 divide 1606800?
False
Is 427564 a multiple of 146?
False
Does 235 divide 59246?
False
Is 2221205 a multiple of 7?
True
Is 27080 a multiple of 20?
True
Is 1217712 a multiple of 172?
False
Does 26 divide 86465?
False
Is 34106 a multiple of 104?
False
Is 110064 a multiple of 199?
False
Is 61 a factor of 112634?
False
Is 74676 a multiple of 147?
True
Does 25 divide 1695104?
False
Does 23 divide 3642481?
False
Is 171629 a multiple of 395?
False
Does 7 divide 43086?
False
Does 447 divide 11484428?
False
Does 171 divide 9499905?
True
Is 60868 a multiple of 32?
False
Is 179 a factor of 1387608?
True
Does 34 divide 227426?
True
Is 6 a factor of 1281426?
True
Is 5054040 a multiple of 303?
True
Does 512 divide 19990774?
False
Does 111 divide 3157398?
False
Does 199 divide 855648?
False
Is 15170972 a multiple of 137?
False
Does 24 divide 6873096?
True
Is 836 a factor of 34733?
False
Does 12 divide 6887940?
True
Is 6493014 a multiple of 27?
True
Does 370 divide 378880?
True
Is 374 a factor of 310794?
True
Is 12487242 a multiple of 94?
True
Is 1578650 a multiple of 10?
True
Is 7450398 a multiple of 1375?
False
Is 3 a factor of 69969?
True
Does 5 divide 361335?
True
Is 105 a factor of 195767?
False
Is 402500 a multiple of 209?
False
Is 11 a factor of 536371?
True
Does 7 divide 1186500?
True
Does 5 divide 64183?
False
Is 19365 a multiple of 2?
False
Is 456349 a multiple of 14?
False
Does 411 divide 10188243?
False
Is 8 a factor of 13544?
True
Is 48101 a multiple of 2?
False
Is 2 a factor of 352216?
True
Is 198706 a multiple of 27?
False
Is 12 a factor of 333420?
True
Does 272 divide 9182447?
False
Is 471 a factor of 233075?
False
Does 267 divide 14985533?
False
Is 104 a factor of 1877200?
True
Is 7 a factor of 37712?
False
Is 407400 a multiple of 600?
True
Is 191359 a multiple of 34?
False
Is 7512106 a multiple of 51?
False
Is 73 a factor of 931991?
True
Is 147 a factor of 420717?
False
Does 725 divide 2070159?
False
Is 27 a factor of 514408?
False
Does 349 divide 741518?
False
Is 37499 a multiple of 184?
False
Does 105 divide 3711346?
False
Does 246 divide 8182?
False
Is 5 a factor of 476055?
True
Is 214 a factor of 3738580?
True
Does 47 divide 11751?
False
Does 27 divide 3927367?
False
Is 21 a factor of 281352?
False
Is 1037818 a multiple of 13?
False
Is 1610488 a multiple of 12?
False
Is 1289288 a multiple of 1078?
True
Is 30 a factor of 448279?
False
Does 55 divide 2256650?
True
Does 5 divide 93935?
True
Is 157113 a multiple of 17?
False
Is 836658 a multiple of 53?
True
Does 2396 divide 8932288?
True
Is 87 a factor of 60813?
True
Is 265722 a multiple of 144?
False
Is 713388 a multiple of 45?
False
Is 17760 a multiple of 16?
True
Does 20 divide 137640?
True
Is 838428 a multiple of 370?
False
Is 61494 a multiple of 5?
False
Is 241406 a multiple of 12?
False
Does 20 divide 273760?
True
Is 